f 271417.
67, 4051
List the prime factors of 36005561.
36005561
List the prime factors of 688813.
688813
What are the prime factors of 128400?
2, 3, 5, 107
What are the prime factors of 4026290?
2, 5, 19, 21191
List the prime factors of 581412.
2, 3, 13, 3727
List the prime factors of 17569045.
5, 13, 89, 3037
What are the prime factors of 758042?
2, 269, 1409
List the prime factors of 1364723.
67, 20369
What are the prime factors of 7579020?
2, 3, 5, 126317
What are the prime factors of 845362?
2, 7, 60383
List the prime factors of 171765.
3, 5, 11, 347
List the prime factors of 19746498.
2, 3, 3291083
What are the prime factors of 171876?
2, 3, 14323
List the prime factors of 31797296.
2, 43, 113, 409
List the prime factors of 205655.
5, 41131
What are the prime factors of 589916?
2, 139, 1061
What are the prime factors of 37651?
23, 1637
List the prime factors of 2539462.
2, 1269731
What are the prime factors of 15344853?
3, 223, 22937
List the prime factors of 843817.
13, 4993
What are the prime factors of 9790300?
2, 5, 13, 17, 443
What are the prime factors of 1046590?
2, 5, 104659
List the prime factors of 280172.
2, 89, 787
List the prime factors of 700949.
700949
What are the prime factors of 2002763?
7, 223, 1283
List the prime factors of 17002154.
2, 13, 653929
What are the prime factors of 4222803?
3, 13, 8329
List the prime factors of 2423258.
2, 1211629
What are the prime factors of 518139?
3, 57571
List the prime factors of 4402338.
2, 3, 19, 23, 73
What are the prime factors of 4657946?
2, 2328973
List the prime factors of 172039.
7, 3511
List the prime factors of 323610.
2, 3, 5, 7, 23, 67
List the prime factors of 737564.
2, 23, 8017
List the prime factors of 359944.
2, 13, 3461
List the prime factors of 1301177.
19, 68483
What are the prime factors of 241598?
2, 7, 17257
What are the prime factors of 1926590?
2, 5, 37, 41, 127
What are the prime factors of 212175?
3, 5, 23, 41
List the prime factors of 14118536.
2, 1764817
List the prime factors of 10123673.
7, 1446239
What are the prime factors of 885310?
2, 5, 223, 397
What are the prime factors of 2019349?
37, 54577
List the prime factors of 4026913.
11, 47, 7789
List the prime factors of 111329.
163, 683
What are the prime factors of 8599672?
2, 181, 5939
What are the prime factors of 1540880?
2, 5, 11, 17, 103
List the prime factors of 295098.
2, 3, 137, 359
List the prime factors of 6357.
3, 13, 163
What are the prime factors of 5899715?
5, 239, 4937
What are the prime factors of 419243?
11, 38113
List the prime factors of 189989.
189989
What are the prime factors of 10547359?
10547359
What are the prime factors of 2306394?
2, 3, 23, 619
What are the prime factors of 26137640?
2, 5, 47, 13903
What are the prime factors of 207866?
2, 37, 53
What are the prime factors of 923223?
3, 7, 43963
What are the prime factors of 261813?
3, 197, 443
List the prime factors of 265590.
2, 3, 5, 13, 227
What are the prime factors of 6778616?
2, 13, 65179
What are the prime factors of 12452413?
43, 73, 3967
List the prime factors of 248077.
248077
What are the prime factors of 19257193?
191, 100823
List the prime factors of 2274305.
5, 11, 41351
What are the prime factors of 44000287?
44000287
What are the prime factors of 198246?
2, 3, 19, 37, 47
What are the prime factors of 10934776?
2, 1049, 1303
What are the prime factors of 220185?
3, 5, 7, 233
What are the prime factors of 4980433?
151, 32983
What are the prime factors of 3801469?
7, 11083
List the prime factors of 1166573.
37, 41, 769
What are the prime factors of 125970?
2, 3, 5, 13, 17, 19
List the prime factors of 2764677.
3, 37, 24907
What are the prime factors of 36674?
2, 11, 1667
What are the prime factors of 4354021?
7, 19, 1723
What are the prime factors of 11190309?
3, 13, 83, 3457
List the prime factors of 109921.
7, 41, 383
List the prime factors of 7784570.
2, 5, 83, 113
List the prime factors of 91992.
2, 3, 3833
List the prime factors of 243974.
2, 199, 613
What are the prime factors of 1324623?
3, 17, 19, 1367
List the prime factors of 302423.
11, 19, 1447
What are the prime factors of 6795162?
2, 3, 11, 34319
List the prime factors of 1058001.
3, 7, 83, 607
What are the prime factors of 766533?
3, 255511
What are the prime factors of 1055404?
2, 7, 37693
List the prime factors of 5863137.
3, 7, 23, 61, 199
List the prime factors of 224194.
2, 112097
What are the prime factors of 2054637?
3, 13, 17, 1033
List the prime factors of 44349.
3, 14783
List the prime factors of 12893177.
11, 1172107
What are the prime factors of 182320?
2, 5, 43, 53
What are the prime factors of 1040016?
2, 3, 47, 461
What are the prime factors of 671601?
3, 7, 31981
List the prime factors of 792630.
2, 3, 5, 8807
What are the prime factors of 140885?
5, 19, 1483
List the prime factors of 292178.
2, 139, 1051
What are the prime factors of 4536587?
11, 317, 1301
What are the prime factors of 2104215?
3, 5, 140281
What are the prime factors of 5066398?
2, 2533199
What are the prime factors of 1254570?
2, 3, 5, 19, 31, 71
What are the prime factors of 2670119?
97, 27527
List the prime factors of 200155.
5, 40031
What are the prime factors of 3975089?
3975089
List the prime factors of 2242370.
2, 5, 13, 47, 367
List the prime factors of 502440.
2, 3, 5, 53, 79
What are the prime factors of 420559?
67, 6277
What are the prime factors of 5587?
37, 151
What are the prime factors of 47192?
2, 17, 347
What are the prime factors of 1327036?
2, 19, 919
List the prime factors of 95973.
3, 31991
What are the prime factors of 925480?
2, 5, 17, 1361
What are the prime factors of 1582855?
5, 316571
List the prime factors of 153770.
2, 5, 15377
List the prime factors of 17804182.
2, 11, 73571
What are the prime factors of 7960442?
2, 7, 29, 2801
List the prime factors of 10924790.
2, 5, 1092479
List the prime factors of 3292718.
2, 11, 13, 29, 397
List the prime factors of 183418.
2, 293, 313
What are the prime factors of 16451933?
1567, 10499
What are the prime factors of 11686?
2, 5843
List the prime factors of 76057.
19, 4003
List the prime factors of 912498.
2, 3, 152083
List the prime factors of 25612131.
3, 61, 173, 809
List the prime factors of 148016.
2, 11, 29
What are the prime factors of 172890?
2, 3, 5, 17, 113
What are the prime factors of 15182296?
2, 1897787
What are the prime factors of 6505585?
5, 647, 2011
List the prime factors of 11134350.
2, 3, 5, 109, 227
List the prime factors of 477499.
11, 83, 523
List the prime factors of 457682.
2, 228841
What are the prime factors of 6116562?
2, 3, 419, 811
What are the prime factors of 324989?
7, 17, 2731
What are the prime factors of 13928570?
2, 5, 23, 2633
List the prime factors of 107427.
3, 35809
What are the prime factors of 4388014?
2, 47, 46681
What are the prime factors of 2070912?
2, 3, 5393
List the prime factors of 68002.
2, 11, 281
List the prime factors of 406286.
2, 31, 6553
List the prime factors of 199987.
227, 881
List the prime factors of 782883.
3, 37, 2351
What are the prime factors of 217263?
3, 72421
What are the prime factors of 30022?
2, 17, 883
List the prime factors of 3620601.
3, 293, 1373
List the prime factors of 1169832.
2, 3, 79, 617
List the prime factors of 9739762.
2, 1151, 4231
List the prime factors of 7943144.
2, 11, 90263
What are the prime factors of 176196?
2, 3, 14683
What are the prime factors of 276451?
7, 73, 541
What are the prime factors of 4545906?
2, 3, 757651
What are the prime factors of 930972?
2, 3, 7, 11083
What are the prime factors of 3503789?
37, 281, 337
List the prime factors of 390396.
2, 3, 32533
What are the prime factors of 617961?
3, 29, 7103
List the prime factors of 1100404.
2, 19, 14479
What are the prime factors of 4917067?
19, 137, 1889
List the prime factors of 928509.
3, 309503
List the prime factors of 9102740.
2, 5, 37, 12301
List the prime factors of 5644738.
2, 11, 256579
What are the prime factors of 22645909?
11, 13, 158363
What are the prime factors of 5713961?
11, 67, 7753
List the prime factors of 854190.
2, 3, 5, 9491
List the prime factors of 9739121.
7, 53, 26251
List the prime factors of 1013661.
3, 11, 3413
List the prime factors of 8277.
3, 31, 89
List the prime factors of 77380.
2, 5, 53, 73
List the